26480785?
7
What is the thousands digit of 53150545?
0
What is the hundreds digit of 3010343706?
7
What is the ten thousands digit of 6683335?
8
What is the thousands digit of 1056518368?
8
What is the ten thousands digit of 1970576?
7
What is the units digit of 25241455?
5
What is the tens digit of 41020842?
4
What is the units digit of 239680678?
8
What is the ten millions digit of 41119673?
4
What is the hundred millions digit of 218902134?
2
What is the ten thousands digit of 184638912?
3
What is the units digit of 106649659?
9
What is the ten millions digit of 92387171?
9
What is the hundred thousands digit of 1568645517?
6
What is the hundred millions digit of 301755168?
3
What is the ten millions digit of 293194621?
9
What is the hundred millions digit of 2966113872?
9
What is the hundred thousands digit of 509779642?
7
What is the tens digit of 829442074?
7
What is the thousands digit of 1019151338?
1
What is the hundreds digit of 84463340?
3
What is the thousands digit of 4739440875?
0
What is the thousands digit of 142670159?
0
What is the thousands digit of 10444264?
4
What is the millions digit of 19847583?
9
What is the tens digit of 1077411986?
8
What is the units digit of 93176720?
0
What is the ten millions digit of 475524118?
7
What is the hundreds digit of 8494297344?
3
What is the thousands digit of 65615507?
5
What is the thousands digit of 44574982?
4
What is the ten thousands digit of 31051187?
5
What is the millions digit of 105697703?
5
What is the tens digit of 1958010150?
5
What is the ten thousands digit of 273096055?
9
What is the tens digit of 2589981109?
0
What is the ten millions digit of 501282247?
0
What is the ten thousands digit of 17545327?
4
What is the thousands digit of 128309511?
9
What is the units digit of 30438762?
2
What is the hundred millions digit of 180983179?
1
What is the hundreds digit of 212222802?
8
What is the millions digit of 83907925?
3
What is the millions digit of 265315588?
5
What is the units digit of 46505087?
7
What is the millions digit of 18927009?
8
What is the tens digit of 3075881833?
3
What is the ten thousands digit of 3807717484?
1
What is the billions digit of 3642452686?
3
What is the ten thousands digit of 808486252?
8
What is the hundreds digit of 914981579?
5
What is the hundreds digit of 38086064?
0
What is the ten millions digit of 726972570?
2
What is the ten thousands digit of 22133956?
3
What is the hundred millions digit of 454343033?
4
What is the tens digit of 492307588?
8
What is the hundred thousands digit of 153156458?
1
What is the hundred thousands digit of 1201294304?
2
What is the ten thousands digit of 1914687698?
8
What is the hundred thousands digit of 64997922?
9
What is the hundred thousands digit of 45322171?
3
What is the hundreds digit of 157286119?
1
What is the hundred millions digit of 320116074?
3
What is the thousands digit of 8898315?
8
What is the ten millions digit of 801071890?
0
What is the hundred thousands digit of 36737260?
7
What is the hundred millions digit of 632161213?
6
What is the ten thousands digit of 1132666308?
6
What is the units digit of 419505889?
9
What is the ten millions digit of 528912550?
2
What is the hundred thousands digit of 761953930?
9
What is the billions digit of 2002348630?
2
What is the units digit of 2211734744?
4
What is the hundred millions digit of 1228551983?
2
What is the hundred thousands digit of 14033452?
0
What is the ten thousands digit of 3993246?
9
What is the hundred thousands digit of 336293422?
2
What is the ten millions digit of 45532403?
4
What is the thousands digit of 102341412?
1
What is the tens digit of 449171796?
9
What is the ten thousands digit of 886161409?
6
What is the ten thousands digit of 27191749?
9
What is the tens digit of 55063884?
8
What is the units digit of 1705743088?
8
What is the hundred thousands digit of 146491904?
4
What is the units digit of 367502019?
9
What is the millions digit of 241817802?
1
What is the units digit of 14683976?
6
What is the millions digit of 3628245175?
8
What is the ten millions digit of 1136345971?
3
What is the hundreds digit of 2056248286?
2
What is the hundred thousands digit of 1333060114?
0
What is the hundred thousands digit of 543903308?
9
What is the thousands digit of 1819462970?
2
What is the ten thousands digit of 322121935?
2
What is the ten thousands digit of 26399537?
9
What is the thousands digit of 2256012929?
2
What is the hundreds digit of 923865013?
0
What is the hundred thousands digit of 1196484835?
4
What is the units digit of 447063414?
4
What is the units digit of 309816378?
8
What is the hundred millions digit of 356603678?
3
What is the units digit of 51796211?
1
What is the hundred millions digit of 3575405737?
5
What is the hundreds digit of 89737904?
9
What is the tens digit of 204136983?
8
What is the thousands digit of 638203959?
3
What is the hundred thousands digit of 193665342?
6
What is the tens digit of 15466008?
0
What is the units digit of 356058167?
7
What is the units digit of 253539102?
2
What is the ten millions digit of 643547316?
4
What is the tens digit of 32357796?
9
What is the hundred millions digit of 634284053?
6
What is the hundred thousands digit of 1266823546?
8
What is the hundred millions digit of 726036541?
7
What is the ten millions digit of 2981896704?
8
What is the millions digit of 281690246?
1
What is the hundreds digit of 101142076?
0
What is the units digit of 91561469?
9
What is the tens digit of 61028477?
7
What is the hundred thousands digit of 2366833446?
8
What is the ten millions digit of 55844425?
5
What is the ten thousands digit of 741401922?
0
What is the hundred thousands digit of 1137204413?
2
What is the hundred millions digit of 1907561561?
9
What is the millions digit of 855915696?
5
What is the millions digit of 185827943?
5
What is the ten millions digit of 51019117?
5
What is the units digit of 426609153?
3
What is the millions digit of 53230524?
3
What is the hundreds digit of 1900036221?
2
What is the ten thousands digit of 92144386?
4
What is the millions digit of 31963507?
1
What is the hundred millions digit of 4521976301?
5
What is the hundred thousands digit of 831380119?
3
What is the hundred millions digit of 1473039812?
4
What is the ten thousands digit of 33887643?
8
What is the thousands digit of 220941680?
1
What is the thousands digit of 6924463942?
3
What is the thousands digit of 147360885?
0
What is the hundreds digit of 675607033?
0
What is the tens digit of 194292416?
1
What is the units digit of 100148657?
7
What is the units digit of 1108148891?
1
What is the hundred thousands digit of 45615645?
6
What is the millions digit of 213133221?
3
What is the hundred millions digit of 1240854897?
2
What is the thousands digit of 4803650981?
0
What is the tens digit of 2789006592?
9
What is the ten thousands digit of 28361088?
6
What is the millions digit of 29592155?
9
What is the millions digit of 355928740?
5
What is the millions digit of 101621627?
1
What is the units digit of 254649858?
8
What is the thousands digit of 34491464?
1
What is the tens digit of 13568020?
2
What is the units digit of 1231294748?
8
What is the tens digit of 152522061?
6
What is the ten thousands digit of 1685689905?
8
What is the ten thousands digit of 510375164?
7
What is the millions digit of 1629582349?
9
What is the units digit of 619674952?
2
What is the units digit of 117151559?
9
What is the thousands digit of 18345286?
5
What is the millions digit of 410417005?
0
What is the hundred millions digit of 150513064?
1
What is the ten thousands digit of 59708646?
0
What is the hundreds digit of 2976656184?
1
What is the ten thousands digit of 516119186?
1
What is the hundreds digit of 347092896?
8
What is the millions digit of 689696718?
9
What is the millions digit of 150268145?
0
What is the ten thousands digit of 81611946?
1
What is the tens digit of 1080803641?
4
What is the ten millions digit of 15772639?
1
What is the thousands digit of 885397921?
7
What is the thousands digit of 110939975?
9
What is the ten thousands digit of 331618172?
1
What is the hundreds digit of 78012178?
1
What is the hundred thousands digit of 5104388120?
3
What is the ten t